*d**2 + 14*d - 73. List the prime factors of o(-19).
3, 7, 29
Let m be (-26)/(-4) - (-3)/(-6). Suppose -c - 4*c - 21 = -g, -c + 15 = 3*g. Let n = g + m. List the prime factors of n.
2, 3
Let u = 106 - 32. Suppose 0 = 6*x - 266 + u. What are the prime factors of x?
2
Suppose 5*f = -0*f + 15. Let b be 0/((12/f)/4). Suppose -3*w = -2*j - 12 - 87, b = 2*w + j - 59. List the prime factors of w.
31
Let i(v) = v**3 - 2*v**2 - v - 5. Let r(p) = p**2 + 17*p - 6. Let t be r(-18). Suppose 5*s - t = 2*s. List the prime factors of i(s).
23
Suppose 15*i - 32566 = -23*i. List the prime factors of i.
857
Let u = -42 + 82. What are the prime factors of u?
2, 5
Suppose 588 = 15*v - 12*v. Let y = -135 + v. What are the prime factors of y?
61
Suppose 289 + 337 = 4*x - 2*a, -766 = -5*x - 3*a. List the prime factors of x.
5, 31
Let p = -551 - -1447. List the prime factors of p/18 + 1 + 14/63.
3, 17
Let k(f) = -f**2 - 20*f - 12. Let r be k(-10). Suppose 2*s - 84 = w, -2*s - 3*w + r = -2*w. List the prime factors of s.
43
Suppose 0 = -i + 217 + 253. What are the prime factors of i?
2, 5, 47
Let p = 6241 + -3358. List the prime factors of p.
3, 31
List the prime factors of (10747/(-7) + 36/126)*-1.
5, 307
What are the prime factors of (-12 + 1)/(4 - (-100)/(-24))?
2, 3, 11
Let k(q) be the first derivative of -3*q**2 - 17*q - 1. What are the prime factors of k(-7)?
5
Let y(k) = 120*k**3 + k**2 - 2*k + 1. Let r be y(1). Let o be ((-6)/5)/(2/r). List the prime factors of (o/(-45))/(4/30).
2, 3
Let u be 2/3 - 344/12. Let m = u - -62. List the prime factors of m.
2, 17
Suppose -9*h = -3*h - 2076. List the prime factors of h.
2, 173
Let w be (10/(-6))/(3/(-9)). Suppose -f + 4*x = -6*f + 14, -f = 3*x - w. Suppose -3*i = f*i - 175. List the prime factors of i.
5, 7
Suppose 0 = -3*k + z - 0*z + 535, 4*k = -5*z + 707. Let u = k - 82. List the prime factors of u.
2, 3
Suppose 17 = -4*v + 4*s - 271, 0 = -2*s + 10. Let r = -53 - v. List the prime factors of r.
2, 7
Let d be (-2)/16 - 3273/(-8). Let s = d - 140. What are the prime factors of s?
269
List the prime factors of (-2)/(-2)*((11 - 5) + 202).
2, 13
Let t(o) = 15*o**3 - 3*o**2 + 6*o - 4. Let j(k) = 74*k**3 - 15*k**2 + 31*k - 21. Let f(v) = -2*j(v) + 11*t(v). List the prime factors of f(2).
2, 5, 13
Let w = -165 - -71. List the prime factors of w*-1*3/6.
47
Let t = 77 - 72. Suppose -3*f = 9, f = t*w + 3*f - 519. What are the prime factors of w?
3, 5, 7
What are the prime factors of 0/(-4) - (5 + 2*-12)?
19
Let d(u) = -1 - 3 + 1 + u + 4. Let l be d(7). Suppose 0 = -l*v + 12*v - 24. What are the prime factors of v?
2, 3
Let z be (-144)/(-60) + 2/(-5). Suppose 0 = -z*c - c + 15. Suppose 4*v - 83 = -v + 3*g, c*v - g = 81. List the prime factors of v.
2
Let c(m) = -m - 2. Let t(l) = -l - 2. Let o(j) = j**3 + j**2 - j - 7. Let p be o(0). Let b(y) = p*t(y) + 6*c(y). List the prime factors of b(3).
5
Let g(z) = 3*z**2 - 4*z - 1. Suppose w = 7 - 3. What are the prime factors of g(w)?
31
Let z(r) = 5*r**2 - r - 1. Let b be z(-1). Suppose 3 = -f, -o - f + b = 6. Suppose 0*m + 26 = o*m. List the prime factors of m.
13
Let p = -2487 - -3523. List the prime factors of p.
2, 7, 37
Let s(n) = n**3 + n**2 + n + 1. Let z(f) = 4*f**3 - 5*f**2 + 3*f + 6. Let l(a) = -2*s(a) + z(a). What are the prime factors of l(5)?
2, 3, 7
Suppose 5486 = 2*m - 4*q, 5*m + 2*q - 9160 = 4519. List the prime factors of m.
7, 17, 23
Suppose -y - 20 + 108 = 0. Let o = 224 - y. What are the prime factors of o?
2, 17
Suppose 4*a + 8 = 2*a. Let j be (42/(-9))/(-7)*135/2. Let o = j - a. What are the prime factors of o?
7
Let q = 11 + -16. Let w(n) = n**3 + 7*n**2 + 5*n + 1. List the prime factors of w(q).
2, 13
Suppose 0 = 3*z + 3 - 15. Let i(h) = h**3 - 5*h**2 + 7*h - 5. What are the prime factors of i(z)?
7
Suppose -678*y + 668*y + 5490 = 0. What are the prime factors of y?
3, 61
Let u(l) be the first derivative of -l**4/12 - 13*l**3/6 + l**2/2 + 4*l + 4. Let a(m) be the first derivative of u(m). List the prime factors of a(-7).
43
Let t(d) = 4*d**3 - 10*d**2 + 25*d - 5. List the prime factors of t(11).
2, 137
Let x be 1/((-5)/(-687)) - 20/50. Let h = x + -21. List the prime factors of h.
2, 29
Let b be (-2)/(-1) + 7 + -6. Suppose -4*p + 75 = c, 0*p = -b*c - 5*p + 232. What are the prime factors of c?
79
Suppose 5*v = -5*v. Suppose -3*o - 4*o + 70 = v. What are the prime factors of o?
2, 5
Suppose -2*t + 5*y + 3 = 0, 10 = 3*t - 2*y - 0. Suppose 4*w - 100 - 72 = -t*i, 221 = 5*w + 2*i. List the prime factors of w.
3, 5
Let r be (-4)/4 - (-14 - 0). Suppose 6 = h + x - 10, 94 = 5*h - 2*x. Let b = h - r. What are the prime factors of b?
5
Let x be (-252)/30 + 2/5. Let f(o) = -o**3 - 8*o**2 + 6. Let w be f(x). List the prime factors of 11 + w/3 - 2.
11
Suppose 4*o = -4*u - 8, 5*u = u - 3*o - 5. Suppose 0*t - 6*t + 12 = 0. Let i = t + u. List the prime factors of i.
3
Let x = -237 + -15. Let u = -129 - x. List the prime factors of u.
3, 41
Let q(o) = -o**3 - 6*o**2 - 8*o - 7. Let f be q(-5). Suppose 0*w - f = -2*w. Suppose 2*m = -w*y - 6, -3*m - 4*y = 2 - 3. What are the prime factors of m?
7
Let q = -273 + 280. List the prime factors of q.
7
Suppose -t + 5*c = -996, -4*t + 1719 = 3*c - 2173. List the prime factors of t.
2, 61
Let l(z) = z**3 - 6*z**2 + z - 6. Let d be l(6). Suppose d = -g + 2*g - 42. Suppose -n + 3*t = -4*n + 18, -g = -2*n + 4*t. What are the prime factors of n?
11
Suppose 0 = -r - 56 - 15. Let q = 230 + r. What are the prime factors of q?
3, 53
Suppose -3*o + 1 = -8. Suppose -o*b - 24 = -2*g, -6*b + b = -10. What are the prime factors of (-5)/(g/11)*-6?
2, 11
Let o(l) = 0*l - l + 0*l + 1. Let i be o(-3). Suppose -i*b + 3*g = -64, -5*b + 13 = 5*g - 67. What are the prime factors of b?
2
Suppose 0 = 2*p - 8*p. Suppose y - 4*y + 129 = p. List the prime factors of y.
43
Let p(c) = -3*c - 1. Let f(b) = 2*b + 1. Let s(g) = -7*f(g) - 5*p(g). Let q be s(4). List the prime factors of (q + -4)/((-2)/8).
2
Let a(j) = j**2 - 4*j - 24. Let l = 9 + 3. List the prime factors of a(l).
2, 3
Let y(m) be the second derivative of m**5/20 - 5*m**4/4 + 8*m**2 - 341*m. Let c = 3 + 12. List the prime factors of y(c).
2
Suppose 2*p + v - 7 = -3, v = p - 8. Suppose -2*a = -5*l + 32, -5*a - 34 - 15 = 3*l. Let r = p - a. What are the prime factors of r?
3, 5
Let h(g) = 9 - 2*g + 2*g + 7*g - 5*g. Let t be h(-5). Let l = t - -9. What are the prime factors of l?
2
What are the prime factors of 936 + (-36)/3*(-13)/(-26)?
2, 3, 5, 31
List the prime factors of (-2 - 52)*1352/(-26).
2, 3, 13
Let q(x) = 0*x + 6*x + 5 + 11*x - 35*x. List the prime factors of q(-4).
7, 11
Suppose -13 = -3*l - 2*p + 10, -4*p + 19 = 3*l. Suppose 74 + 214 = l*g. What are the prime factors of g?
2
Let w(v) = 6*v**2 + 4*v - 17. Let n be w(-6). Suppose 4*l + l - n = 0. What are the prime factors of l?
5, 7
Suppose 108 = 10*j - j. Suppose -j = 4*o, 232 = p + p - 4*o. List the prime factors of p.
2, 5, 11
Let g(m) = -m**3 - m**2 + 2. Let q be g(0). Suppose 3*r + q*u - u - 509 = 0, 0 = u - 5. Suppose -r = 5*v - 8*v. List the prime factors of v.
2, 7
Let w(z) be the third derivative of z**6/80 + z**4/8 + 5*z**2. Let t(x) be the second derivative of w(x). What are the prime factors of t(4)?
2, 3
Suppose 0 = -4*n + 3*n + 233. What are the prime factors of n?
233
Let s = -6 - -21. List the prime factors of (65/s - 3)*36.
2, 3
Let l = 25 - -8. Let y = l + -17. List the prime factors of y.
2
Suppose -5 = -4*t + 3. Suppose i + 10 = -3*n - 0*n, -n + 5*i = -t. Let u(z) = -z**3 + z - 2. What are the prime factors of u(n)?
2, 11
Suppose 0 = 10*o - 311 + 21. List the prime factors of o.
29
Let b(y) = -13*y**3 - 3*y**2 - 3*y - 4. List the prime factors of b(-3).
7, 47
Let p(c) = -c - 16. Let n be p(-24). Let b(h) = -11*h - 5. Let l(f) = -f - 1. Let w(s) = -2*b(s) + 18*l(s). What are the prime factors of w(n)?
2, 3
Suppose -2*y - y + 75 = 0. Let x = y - 15. Let m = x - 4. List the prime factors of m.
2, 3
Let l(t) = t**3 + 9*t**2 + 6*t - 11. Let p be l(-8). Suppose 252 = 4*n + 4*r, p*n - 3*r = n + 217. What are the prime factors of n?
2, 29
Let g(u) be the second derivative of -2*u**3/3 + u**2 + 23*u. Let p = 12 + -18. What are the prime factors of g(p)?
2, 13
Suppose -n - 2 - 5 = 0. Let j(v) = 2*v**2 + 7*v + 10. What are the p